Last updated on 2025-04-29 08:52:08 CEST.
Flavor | Version | Tinstall | Tcheck | Ttotal | Status | Flags |
---|---|---|---|---|---|---|
r-devel-linux-x86_64-debian-clang | 1.8.8 | 2.73 | 29.93 | 32.66 | OK | |
r-devel-linux-x86_64-debian-gcc | 1.8.8 | 2.35 | 23.24 | 25.59 | NOTE | |
r-devel-linux-x86_64-fedora-clang | 1.8.8 | 58.78 | OK | |||
r-devel-linux-x86_64-fedora-gcc | 1.8.8 | 51.68 | OK | |||
r-devel-windows-x86_64 | 1.8.8 | 5.00 | 56.00 | 61.00 | OK | |
r-patched-linux-x86_64 | 1.8.8 | 2.85 | 28.94 | 31.79 | OK | |
r-release-linux-x86_64 | 1.8.8 | 3.13 | 29.22 | 32.35 | OK | |
r-release-macos-arm64 | 1.8.8 | 23.00 | OK | |||
r-release-macos-x86_64 | 1.8.8 | 42.00 | OK | |||
r-release-windows-x86_64 | 1.8.8 | 5.00 | 58.00 | 63.00 | OK | |
r-oldrel-macos-arm64 | 1.8.8 | 21.00 | NOTE | |||
r-oldrel-macos-x86_64 | 1.8.8 | 31.00 | NOTE | |||
r-oldrel-windows-x86_64 | 1.8.8 | 5.00 | 57.00 | 62.00 | NOTE |
Version: 1.8.8
Check: CRAN incoming feasibility
Result: NOTE
Maintainer: ‘Samuel D. Pimentel <spi@berkeley.edu>’
No Authors@R field in DESCRIPTION.
Please add one, modifying
Authors@R: person(given = c("Samuel", "D."),
family = "Pimentel",
role = c("aut", "cre"),
email = "spi@berkeley.edu")
as necessary.
Flavor: r-devel-linux-x86_64-debian-gcc
Version: 1.8.8
Check: package dependencies
Result: NOTE
Package suggested but not available for checking: ‘rrelaxiv’
Flavors: r-oldrel-macos-arm64, r-oldrel-macos-x86_64, r-oldrel-windows-x86_64