Last updated on 2025-04-29 08:52:09 CEST.
Flavor | Version | Tinstall | Tcheck | Ttotal | Status | Flags |
---|---|---|---|---|---|---|
r-devel-linux-x86_64-debian-clang | 0.1-5 | 3.57 | 29.60 | 33.17 | OK | |
r-devel-linux-x86_64-debian-gcc | 0.1-5 | 2.48 | 23.36 | 25.84 | NOTE | |
r-devel-linux-x86_64-fedora-clang | 0.1-5 | 57.71 | OK | |||
r-devel-linux-x86_64-fedora-gcc | 0.1-5 | 64.67 | OK | |||
r-devel-windows-x86_64 | 0.1-5 | 5.00 | 52.00 | 57.00 | OK | |
r-patched-linux-x86_64 | 0.1-5 | 3.09 | 28.68 | 31.77 | OK | |
r-release-linux-x86_64 | 0.1-5 | 3.30 | 28.67 | 31.97 | OK | |
r-release-macos-arm64 | 0.1-5 | 25.00 | OK | |||
r-release-macos-x86_64 | 0.1-5 | 41.00 | OK | |||
r-release-windows-x86_64 | 0.1-5 | 6.00 | 53.00 | 59.00 | OK | |
r-oldrel-macos-arm64 | 0.1-5 | 23.00 | OK | |||
r-oldrel-macos-x86_64 | 0.1-5 | 34.00 | OK | |||
r-oldrel-windows-x86_64 | 0.1-5 | 5.00 | 55.00 | 60.00 | OK |
Version: 0.1-5
Check: CRAN incoming feasibility
Result: NOTE
Maintainer: ‘Christian Graul <christian.graul@gmail.com>’
No Authors@R field in DESCRIPTION.
Please add one, modifying
Authors@R: person(given = "Christian",
family = "Graul",
role = c("aut", "cre"),
email = "christian.graul@gmail.com")
as necessary.
Package CITATION file contains call(s) to old-style citEntry(). Please
use bibentry() instead.
Flavor: r-devel-linux-x86_64-debian-gcc