CRAN Package Check Results for Package reliabilitydiag

Last updated on 2025-04-29 08:52:09 CEST.

Flavor Version Tinstall Tcheck Ttotal Status Flags
r-devel-linux-x86_64-debian-clang 0.2.1 5.85 51.99 57.84 OK
r-devel-linux-x86_64-debian-gcc 0.2.1 4.40 40.51 44.91 NOTE
r-devel-linux-x86_64-fedora-clang 0.2.1 90.94 OK
r-devel-linux-x86_64-fedora-gcc 0.2.1 83.99 OK
r-devel-windows-x86_64 0.2.1 7.00 71.00 78.00 OK
r-patched-linux-x86_64 0.2.1 6.22 54.56 60.78 OK
r-release-linux-x86_64 0.2.1 5.31 53.70 59.01 OK
r-release-macos-arm64 0.2.1 27.00 OK
r-release-macos-x86_64 0.2.1 52.00 OK
r-release-windows-x86_64 0.2.1 9.00 72.00 81.00 OK
r-oldrel-macos-arm64 0.2.1 28.00 OK
r-oldrel-macos-x86_64 0.2.1 39.00 OK
r-oldrel-windows-x86_64 0.2.1 10.00 83.00 93.00 OK

Check Details

Version: 0.2.1
Check: CRAN incoming feasibility
Result: NOTE Maintainer: ‘Alexander I. Jordan <alexander.jordan@h-its.org>’ Package CITATION file contains call(s) to old-style citEntry(). Please use bibentry() instead. Flavor: r-devel-linux-x86_64-debian-gcc

Version: 0.2.1
Check: examples
Result: NOTE Examples with CPU (user + system) or elapsed time > 5s user system elapsed plot.reliabilitydiag 4.343 0.18 6.087 Flavor: r-devel-linux-x86_64-debian-gcc