CRAN Package Check Results for Package reslr

Last updated on 2025-04-29 08:52:09 CEST.

Flavor Version Tinstall Tcheck Ttotal Status Flags
r-devel-linux-x86_64-debian-clang 0.1.1 7.60 448.11 455.71 OK
r-devel-linux-x86_64-debian-gcc 0.1.1 4.49 291.45 295.94 NOTE
r-devel-linux-x86_64-fedora-clang 0.1.1 758.25 OK
r-devel-linux-x86_64-fedora-gcc 0.1.1 767.95 OK
r-devel-windows-x86_64 0.1.1 8.00 482.00 490.00 OK
r-patched-linux-x86_64 0.1.1 7.77 433.34 441.11 OK
r-release-linux-x86_64 0.1.1 7.48 436.27 443.75 OK
r-release-macos-arm64 0.1.1 257.00 OK
r-release-macos-x86_64 0.1.1 883.00 OK
r-release-windows-x86_64 0.1.1 11.00 478.00 489.00 OK
r-oldrel-macos-arm64 0.1.1 246.00 OK
r-oldrel-macos-x86_64 0.1.1 410.00 OK
r-oldrel-windows-x86_64 0.1.1 12.00 621.00 633.00 OK

Check Details

Version: 0.1.1
Check: CRAN incoming feasibility
Result: NOTE Maintainer: ‘Maeve Upton <uptonmaeve010@gmail.com>’ The Description field contains et al 2023) <arXiv:2301.09556>, spatio-temporal splines (Upton et al 2023) <arXiv:2301.09556> and generalised additive models (Upton et al 2023) <arXiv:2301.09556>. This package facilitates data loading, model Please refer to arXiv e-prints via their arXiv DOI <doi:10.48550/arXiv.YYMM.NNNNN>. Flavor: r-devel-linux-x86_64-debian-gcc