CRAN Package Check Results for Package rmlnomogram

Last updated on 2025-04-29 08:52:09 CEST.

Flavor Version Tinstall Tcheck Ttotal Status Flags
r-devel-linux-x86_64-debian-clang 0.1.2 5.97 112.06 118.03 OK
r-devel-linux-x86_64-debian-gcc 0.1.2 4.60 84.39 88.99 NOTE
r-devel-linux-x86_64-fedora-clang 0.1.2 178.82 OK
r-devel-linux-x86_64-fedora-gcc 0.1.2 179.34 OK
r-devel-windows-x86_64 0.1.2 8.00 111.00 119.00 OK
r-patched-linux-x86_64 0.1.2 6.06 109.88 115.94 OK
r-release-linux-x86_64 0.1.2 5.66 110.28 115.94 OK
r-release-macos-arm64 0.1.2 54.00 OK
r-release-macos-x86_64 0.1.2 93.00 OK
r-release-windows-x86_64 0.1.2 9.00 108.00 117.00 OK
r-oldrel-macos-arm64 0.1.2 54.00 OK
r-oldrel-macos-x86_64 0.1.2 67.00 OK
r-oldrel-windows-x86_64 0.1.2 11.00 133.00 144.00 OK

Check Details

Version: 0.1.2
Check: CRAN incoming feasibility
Result: NOTE Maintainer: ‘Herdiantri Sufriyana <herdi@nycu.edu.tw>’ The Description field contains <https://htmlpreview.github.io/?https://github.com/herdiantrisufriyana/rmlnomogram/blob/master/doc/ml_nomogram_exemplar.html>. Please enclose URLs in angle brackets (<...>). Flavor: r-devel-linux-x86_64-debian-gcc

Version: 0.1.2
Check: examples
Result: NOTE Examples with CPU (user + system) or elapsed time > 5s user system elapsed create_nomogram 7.876 0.192 9.305 Flavor: r-devel-linux-x86_64-debian-gcc