Last updated on 2025-04-29 08:52:10 CEST.
Flavor | Version | Tinstall | Tcheck | Ttotal | Status | Flags |
---|---|---|---|---|---|---|
r-devel-linux-x86_64-debian-clang | 0.1.3 | 17.50 | 215.39 | 232.89 | OK | |
r-devel-linux-x86_64-debian-gcc | 0.1.3 | 14.60 | 163.81 | 178.41 | NOTE | |
r-devel-linux-x86_64-fedora-clang | 0.1.3 | 376.10 | OK | |||
r-devel-linux-x86_64-fedora-gcc | 0.1.3 | 387.80 | OK | |||
r-devel-windows-x86_64 | 0.1.3 | 20.00 | 274.00 | 294.00 | OK | |
r-patched-linux-x86_64 | 0.1.3 | 18.97 | 218.09 | 237.06 | OK | |
r-release-linux-x86_64 | 0.1.3 | 16.31 | 217.61 | 233.92 | OK | |
r-release-macos-arm64 | 0.1.3 | 157.00 | OK | |||
r-release-macos-x86_64 | 0.1.3 | 239.00 | OK | |||
r-release-windows-x86_64 | 0.1.3 | 20.00 | 270.00 | 290.00 | OK | |
r-oldrel-macos-arm64 | 0.1.3 | 151.00 | OK | |||
r-oldrel-macos-x86_64 | 0.1.3 | 283.00 | OK | |||
r-oldrel-windows-x86_64 | 0.1.3 | 23.00 | 320.00 | 343.00 | OK |
Version: 0.1.3
Check: examples
Result: NOTE
Examples with CPU (user + system) or elapsed time > 5s
user system elapsed
download_beta_values_case 3.533 0.151 5.704
Flavor: r-devel-linux-x86_64-debian-gcc