CRAN Package Check Results for Package rsides

Last updated on 2025-04-29 08:52:10 CEST.

Flavor Version Tinstall Tcheck Ttotal Status Flags
r-devel-linux-x86_64-debian-clang 0.1 83.33 77.71 161.04 OK
r-devel-linux-x86_64-debian-gcc 0.1 71.12 58.73 129.85 OK
r-devel-linux-x86_64-fedora-clang 0.1 236.24 OK
r-devel-linux-x86_64-fedora-gcc 0.1 283.21 OK
r-devel-windows-x86_64 0.1 85.00 103.00 188.00 OK
r-patched-linux-x86_64 0.1 91.03 76.09 167.12 OK
r-release-linux-x86_64 0.1 89.89 76.06 165.95 OK
r-release-macos-arm64 0.1 74.00 OK
r-release-macos-x86_64 0.1 135.00 OK
r-release-windows-x86_64 0.1 86.00 110.00 196.00 OK
r-oldrel-macos-arm64 0.1 72.00 NOTE
r-oldrel-macos-x86_64 0.1 206.00 NOTE
r-oldrel-windows-x86_64 0.1 90.00 132.00 222.00 OK

Check Details

Version: 0.1
Check: installed package size
Result: NOTE installed size is 23.8Mb sub-directories of 1Mb or more: libs 23.6Mb Flavors: r-oldrel-macos-arm64, r-oldrel-macos-x86_64