Last updated on 2025-04-29 08:52:10 CEST.
Flavor | Version | Tinstall | Tcheck | Ttotal | Status | Flags |
---|---|---|---|---|---|---|
r-devel-linux-x86_64-debian-clang | 0.6.12 | 26.79 | 652.72 | 679.51 | OK | |
r-devel-linux-x86_64-debian-gcc | 0.6.12 | 16.07 | 414.05 | 430.12 | NOTE | |
r-devel-linux-x86_64-fedora-clang | 0.6.12 | 1166.30 | OK | |||
r-devel-linux-x86_64-fedora-gcc | 0.6.12 | 1057.20 | OK | |||
r-devel-windows-x86_64 | 0.6.12 | 27.00 | 547.00 | 574.00 | OK | |
r-patched-linux-x86_64 | 0.6.12 | 31.33 | 609.72 | 641.05 | OK | |
r-release-linux-x86_64 | 0.6.12 | 26.40 | 608.20 | 634.60 | OK | |
r-release-macos-arm64 | 0.6.12 | 251.00 | OK | |||
r-release-macos-x86_64 | 0.6.12 | 641.00 | OK | |||
r-release-windows-x86_64 | 0.6.12 | 28.00 | 546.00 | 574.00 | OK | |
r-oldrel-macos-arm64 | 0.6.12 | 269.00 | OK | |||
r-oldrel-macos-x86_64 | 0.6.12 | 712.00 | OK | |||
r-oldrel-windows-x86_64 | 0.6.12 | 35.00 | 786.00 | 821.00 | OK |
Version: 0.6.12
Check: examples
Result: NOTE
Examples with CPU (user + system) or elapsed time > 5s
user system elapsed
qtable_layout 4.716 0.007 5.935
Flavor: r-devel-linux-x86_64-debian-gcc