Last updated on 2025-04-29 08:52:10 CEST.
Flavor | Version | Tinstall | Tcheck | Ttotal | Status | Flags |
---|---|---|---|---|---|---|
r-devel-linux-x86_64-debian-clang | 2.0.1 | 4.76 | 93.56 | 98.32 | OK | |
r-devel-linux-x86_64-debian-gcc | 2.0.1 | 3.30 | 73.51 | 76.81 | NOTE | |
r-devel-linux-x86_64-fedora-clang | 2.0.1 | 156.36 | OK | |||
r-devel-linux-x86_64-fedora-gcc | 2.0.1 | 158.61 | OK | |||
r-devel-windows-x86_64 | 2.0.1 | 6.00 | 118.00 | 124.00 | OK | |
r-patched-linux-x86_64 | 2.0.1 | 5.08 | 92.01 | 97.09 | OK | |
r-release-linux-x86_64 | 2.0.1 | 5.22 | 91.80 | 97.02 | OK | |
r-release-macos-arm64 | 2.0.1 | 54.00 | OK | |||
r-release-macos-x86_64 | 2.0.1 | 109.00 | OK | |||
r-release-windows-x86_64 | 2.0.1 | 8.00 | 120.00 | 128.00 | OK | |
r-oldrel-macos-arm64 | 2.0.1 | 60.00 | OK | |||
r-oldrel-macos-x86_64 | 2.0.1 | 97.00 | OK | |||
r-oldrel-windows-x86_64 | 2.0.1 | 8.00 | 135.00 | 143.00 | OK |
Version: 2.0.1
Check: examples
Result: NOTE
Examples with CPU (user + system) or elapsed time > 5s
user system elapsed
read_aaa 1.073 0.512 7.13
Flavor: r-devel-linux-x86_64-debian-gcc