CRAN Package Check Results for Package shinyHeatmaply

Last updated on 2025-04-29 08:52:11 CEST.

Flavor Version Tinstall Tcheck Ttotal Status Flags
r-devel-linux-x86_64-debian-clang 0.2.0 7.39 55.58 62.97 OK
r-devel-linux-x86_64-debian-gcc 0.2.0 5.63 43.46 49.09 OK
r-devel-linux-x86_64-fedora-clang 0.2.0 104.62 OK
r-devel-linux-x86_64-fedora-gcc 0.2.0 90.07 OK
r-devel-windows-x86_64 0.2.0 9.00 72.00 81.00 OK
r-patched-linux-x86_64 0.2.0 8.34 55.13 63.47 OK
r-release-linux-x86_64 0.2.0 6.84 55.67 62.51 OK
r-release-macos-arm64 0.2.0 34.00 OK
r-release-macos-x86_64 0.2.0 52.00 OK
r-release-windows-x86_64 0.2.0 11.00 71.00 82.00 OK
r-oldrel-macos-arm64 0.2.0 30.00 NOTE
r-oldrel-macos-x86_64 0.2.0 45.00 NOTE
r-oldrel-windows-x86_64 0.2.0 11.00 87.00 98.00 NOTE

Check Details

Version: 0.2.0
Check: LazyData
Result: NOTE 'LazyData' is specified without a 'data' directory Flavors: r-oldrel-macos-arm64, r-oldrel-macos-x86_64, r-oldrel-windows-x86_64