Last updated on 2025-04-29 08:52:11 CEST.
Flavor | Version | Tinstall | Tcheck | Ttotal | Status | Flags |
---|---|---|---|---|---|---|
r-devel-linux-x86_64-debian-clang | 1.1.42 | 7.99 | 61.27 | 69.26 | OK | |
r-devel-linux-x86_64-debian-gcc | 1.1.42 | 4.89 | 45.17 | 50.06 | NOTE | |
r-devel-linux-x86_64-fedora-clang | 1.1.42 | 109.96 | OK | |||
r-devel-linux-x86_64-fedora-gcc | 1.1.42 | 103.46 | OK | |||
r-devel-windows-x86_64 | 1.1.42 | 9.00 | 77.00 | 86.00 | OK | |
r-patched-linux-x86_64 | 1.1.42 | 8.50 | 59.11 | 67.61 | OK | |
r-release-linux-x86_64 | 1.1.42 | 8.24 | 58.49 | 66.73 | OK | |
r-release-macos-arm64 | 1.1.42 | 36.00 | OK | |||
r-release-macos-x86_64 | 1.1.42 | 63.00 | OK | |||
r-release-windows-x86_64 | 1.1.42 | 9.00 | 79.00 | 88.00 | OK | |
r-oldrel-macos-arm64 | 1.1.42 | 32.00 | OK | |||
r-oldrel-macos-x86_64 | 1.1.42 | 49.00 | OK | |||
r-oldrel-windows-x86_64 | 1.1.42 | 12.00 | 86.00 | 98.00 | OK |
Version: 1.1.42
Check: CRAN incoming feasibility
Result: NOTE
Maintainer: ‘Holger Reulen <hreulen@uni-goettingen.de>’
No Authors@R field in DESCRIPTION.
Please add one, modifying
Authors@R: person(given = "Holger",
family = "Reulen",
role = c("aut", "cre"),
email = "hreulen@uni-goettingen.de")
as necessary.
Flavor: r-devel-linux-x86_64-debian-gcc