Last updated on 2025-04-29 08:52:12 CEST.
Flavor | Version | Tinstall | Tcheck | Ttotal | Status | Flags |
---|---|---|---|---|---|---|
r-devel-linux-x86_64-debian-clang | 1.0.0 | 16.80 | 250.04 | 266.84 | OK | |
r-devel-linux-x86_64-debian-gcc | 1.0.0 | 11.45 | 164.85 | 176.30 | OK | |
r-devel-linux-x86_64-fedora-clang | 1.0.0 | 429.35 | NOTE | |||
r-devel-linux-x86_64-fedora-gcc | 1.0.0 | 418.78 | NOTE | |||
r-devel-windows-x86_64 | 1.0.0 | 17.00 | 459.00 | 476.00 | OK | |
r-patched-linux-x86_64 | 1.0.0 | 16.57 | 243.09 | 259.66 | OK | |
r-release-linux-x86_64 | 1.0.0 | 14.85 | 243.44 | 258.29 | OK | |
r-release-macos-arm64 | 1.0.0 | 319.00 | OK | |||
r-release-macos-x86_64 | 1.0.0 | 444.00 | OK | |||
r-release-windows-x86_64 | 1.0.0 | 16.00 | 467.00 | 483.00 | OK | |
r-oldrel-macos-arm64 | 1.0.0 | 305.00 | OK | |||
r-oldrel-macos-x86_64 | 1.0.0 | 386.00 | OK | |||
r-oldrel-windows-x86_64 | 1.0.0 | 22.00 | 542.00 | 564.00 | OK |
Version: 1.0.0
Check: dependencies in R code
Result: NOTE
Namespaces in Imports field not imported from:
‘numDeriv’ ‘png’
All declared Imports should be used.
Flavors: r-devel-linux-x86_64-fedora-clang, r-devel-linux-x86_64-fedora-gcc