CRAN Package Check Results for Package sleev

Last updated on 2025-04-29 08:52:12 CEST.

Flavor Version Tinstall Tcheck Ttotal Status Flags
r-devel-linux-x86_64-debian-clang 1.1.1 95.18 38.86 134.04 OK
r-devel-linux-x86_64-debian-gcc 1.1.2 75.39 36.18 111.57 OK
r-devel-linux-x86_64-fedora-clang 1.1.2 269.51 OK
r-devel-linux-x86_64-fedora-gcc 1.1.2 324.48 OK
r-devel-windows-x86_64 1.1.2 96.00 95.00 191.00 OK
r-patched-linux-x86_64 1.1.2 107.09 45.48 152.57 OK
r-release-linux-x86_64 1.1.2 101.81 46.58 148.39 OK
r-release-macos-arm64 1.1.2 73.00 OK
r-release-macos-x86_64 1.1.2 147.00 OK
r-release-windows-x86_64 1.1.2 95.00 99.00 194.00 OK
r-oldrel-macos-arm64 1.1.2 72.00 NOTE
r-oldrel-macos-x86_64 1.1.2 177.00 NOTE
r-oldrel-windows-x86_64 1.1.2 108.00 108.00 216.00 OK

Check Details

Version: 1.1.2
Check: installed package size
Result: NOTE installed size is 31.9Mb sub-directories of 1Mb or more: libs 31.3Mb Flavors: r-oldrel-macos-arm64, r-oldrel-macos-x86_64