CRAN Package Check Results for Package smicd

Last updated on 2025-04-29 08:52:12 CEST.

Flavor Version Tinstall Tcheck Ttotal Status Flags
r-devel-linux-x86_64-debian-clang 1.1.5 14.36 110.39 124.75 OK
r-devel-linux-x86_64-debian-gcc 1.1.5 10.02 82.40 92.42 NOTE
r-devel-linux-x86_64-fedora-clang 1.1.5 197.49 OK
r-devel-linux-x86_64-fedora-gcc 1.1.5 200.12 OK
r-devel-windows-x86_64 1.1.5 16.00 116.00 132.00 OK
r-patched-linux-x86_64 1.1.5 15.93 108.04 123.97 OK
r-release-linux-x86_64 1.1.5 15.81 110.82 126.63 OK
r-release-macos-arm64 1.1.5 55.00 OK
r-release-macos-x86_64 1.1.5 119.00 OK
r-release-windows-x86_64 1.1.5 16.00 113.00 129.00 OK
r-oldrel-macos-arm64 1.1.5 42.00 OK
r-oldrel-macos-x86_64 1.1.5 66.00 OK
r-oldrel-windows-x86_64 1.1.5 21.00 147.00 168.00 OK

Check Details

Version: 1.1.5
Check: CRAN incoming feasibility
Result: NOTE Maintainer: ‘Paul Walter <paul.w@gmx.net>’ No Authors@R field in DESCRIPTION. Please add one, modifying Authors@R: person(given = "Paul", family = "Walter", role = c("aut", "cre"), email = "paul.w@gmx.net") as necessary. Flavor: r-devel-linux-x86_64-debian-gcc