CRAN Package Check Results for Package spAddins

Last updated on 2025-04-29 08:52:12 CEST.

Flavor Version Tinstall Tcheck Ttotal Status Flags
r-devel-linux-x86_64-debian-clang 0.2.0 2.08 22.56 24.64 OK
r-devel-linux-x86_64-debian-gcc 0.2.0 1.67 20.44 22.11 NOTE
r-devel-linux-x86_64-fedora-clang 0.2.0 40.59 OK
r-devel-linux-x86_64-fedora-gcc 0.2.0 53.09 OK
r-devel-windows-x86_64 0.2.0 4.00 49.00 53.00 OK
r-patched-linux-x86_64 0.2.0 2.37 22.28 24.65 OK
r-release-linux-x86_64 0.2.0 1.71 22.34 24.05 OK
r-release-macos-arm64 0.2.0 36.00 OK
r-release-macos-x86_64 0.2.0 48.00 OK
r-release-windows-x86_64 0.2.0 4.00 57.00 61.00 OK
r-oldrel-macos-arm64 0.2.0 26.00 NOTE
r-oldrel-macos-x86_64 0.2.0 34.00 NOTE
r-oldrel-windows-x86_64 0.2.0 4.00 50.00 54.00 NOTE

Check Details

Version: 0.2.0
Check: CRAN incoming feasibility
Result: NOTE Maintainer: ‘Vilmantas Gegzna <GegznaV@gmail.com>’ Found the following (possibly) invalid file URI: URI: /commits/master From: README.md Flavor: r-devel-linux-x86_64-debian-gcc

Version: 0.2.0
Check: LazyData
Result: NOTE 'LazyData' is specified without a 'data' directory Flavors: r-oldrel-macos-arm64, r-oldrel-macos-x86_64, r-oldrel-windows-x86_64