Last updated on 2025-04-29 14:53:49 CEST.
Flavor | Version | Tinstall | Tcheck | Ttotal | Status | Flags |
---|---|---|---|---|---|---|
r-devel-linux-x86_64-debian-clang | 0.0.4 | 7.22 | 57.73 | 64.95 | NOTE | |
r-devel-linux-x86_64-debian-gcc | 0.0.4 | 4.38 | 40.22 | 44.60 | NOTE | |
r-devel-linux-x86_64-fedora-clang | 0.0.4 | 104.28 | NOTE | |||
r-devel-linux-x86_64-fedora-gcc | 0.0.4 | 95.51 | NOTE | |||
r-devel-windows-x86_64 | 0.0.4 | 8.00 | 68.00 | 76.00 | NOTE | |
r-patched-linux-x86_64 | 0.0.4 | 6.78 | 51.98 | 58.76 | NOTE | |
r-release-linux-x86_64 | 0.0.4 | 5.87 | 51.54 | 57.41 | NOTE | |
r-release-macos-arm64 | 0.0.4 | 30.00 | NOTE | |||
r-release-macos-x86_64 | 0.0.4 | 51.00 | NOTE | |||
r-release-windows-x86_64 | 0.0.4 | 10.00 | 71.00 | 81.00 | NOTE | |
r-oldrel-macos-arm64 | 0.0.4 | 29.00 | NOTE | |||
r-oldrel-macos-x86_64 | 0.0.4 | 45.00 | NOTE | |||
r-oldrel-windows-x86_64 | 0.0.4 | 10.00 | 81.00 | 91.00 | NOTE |
Version: 0.0.4
Check: Rd files
Result: NOTE
checkRd: (-1) sdf_unnest.Rd:20: Lost braces
20 | \code{a1, a2, a3}, then code{sdf_explode(df, a)} will produce output with each record replicated
| ^
Flavors: r-devel-linux-x86_64-debian-clang, r-devel-linux-x86_64-debian-gcc, r-devel-linux-x86_64-fedora-clang, r-devel-linux-x86_64-fedora-gcc, r-devel-windows-x86_64, r-patched-linux-x86_64, r-release-linux-x86_64, r-release-macos-arm64, r-release-macos-x86_64, r-release-windows-x86_64, r-oldrel-macos-arm64, r-oldrel-macos-x86_64, r-oldrel-windows-x86_64