Last updated on 2025-04-29 08:52:12 CEST.
Flavor | Version | Tinstall | Tcheck | Ttotal | Status | Flags |
---|---|---|---|---|---|---|
r-devel-linux-x86_64-debian-clang | 3.3-5 | 38.51 | 417.39 | 455.90 | OK | |
r-devel-linux-x86_64-debian-gcc | 3.3-5 | 23.99 | 286.26 | 310.25 | OK | |
r-devel-linux-x86_64-fedora-clang | 3.3-5 | 730.11 | OK | |||
r-devel-linux-x86_64-fedora-gcc | 3.3-5 | 708.59 | OK | |||
r-devel-windows-x86_64 | 3.3-5 | 48.00 | 508.00 | 556.00 | OK | |
r-patched-linux-x86_64 | 3.3-5 | 55.34 | 404.66 | 460.00 | OK | |
r-release-linux-x86_64 | 3.3-5 | 39.03 | 409.91 | 448.94 | OK | |
r-release-macos-arm64 | 3.3-5 | 217.00 | OK | |||
r-release-macos-x86_64 | 3.3-5 | 392.00 | OK | |||
r-release-windows-x86_64 | 3.3-5 | 48.00 | 511.00 | 559.00 | OK | |
r-oldrel-macos-arm64 | 3.3-5 | 176.00 | NOTE | |||
r-oldrel-macos-x86_64 | 3.3-5 | 331.00 | NOTE | |||
r-oldrel-windows-x86_64 | 3.3-5 | 60.00 | 630.00 | 690.00 | NOTE |
Version: 3.3-5
Check: package dependencies
Result: NOTE
Depends: includes the non-default packages:
'spatstat.data', 'spatstat.univar', 'spatstat.geom',
'spatstat.random', 'spatstat.explore', 'nlme', 'rpart'
Adding so many packages to the search path is excessive and importing
selectively is preferable.
Flavors: r-oldrel-macos-arm64, r-oldrel-macos-x86_64, r-oldrel-windows-x86_64