CRAN Package Check Results for Package splines2

Last updated on 2025-04-29 08:52:12 CEST.

Flavor Version Tinstall Tcheck Ttotal Status Flags
r-devel-linux-x86_64-debian-clang 0.5.4 30.70 47.68 78.38 OK
r-devel-linux-x86_64-debian-gcc 0.5.4 21.43 38.78 60.21 OK
r-devel-linux-x86_64-fedora-clang 0.5.4 128.84 OK
r-devel-linux-x86_64-fedora-gcc 0.5.4 141.12 OK
r-devel-windows-x86_64 0.5.4 36.00 103.00 139.00 OK
r-patched-linux-x86_64 0.5.4 30.06 45.97 76.03 OK
r-release-linux-x86_64 0.5.4 29.69 46.19 75.88 OK
r-release-macos-arm64 0.5.4 54.00 OK
r-release-macos-x86_64 0.5.4 73.00 OK
r-release-windows-x86_64 0.5.4 35.00 97.00 132.00 OK
r-oldrel-macos-arm64 0.5.4 87.00 NOTE
r-oldrel-macos-x86_64 0.5.4 145.00 NOTE
r-oldrel-windows-x86_64 0.5.4 33.00 108.00 141.00 OK

Check Details

Version: 0.5.4
Check: installed package size
Result: NOTE installed size is 5.1Mb sub-directories of 1Mb or more: doc 1.2Mb libs 3.4Mb Flavors: r-oldrel-macos-arm64, r-oldrel-macos-x86_64