Last updated on 2025-04-29 08:52:13 CEST.
Flavor | Version | Tinstall | Tcheck | Ttotal | Status | Flags |
---|---|---|---|---|---|---|
r-devel-linux-x86_64-debian-clang | 1.0.1 | 5.81 | 51.20 | 57.01 | OK | |
r-devel-linux-x86_64-debian-gcc | 1.0.1 | 4.51 | 39.09 | 43.60 | NOTE | |
r-devel-linux-x86_64-fedora-clang | 1.0.1 | 90.90 | OK | |||
r-devel-linux-x86_64-fedora-gcc | 1.0.1 | 86.12 | OK | |||
r-devel-windows-x86_64 | 1.0.1 | 6.00 | 66.00 | 72.00 | OK | |
r-patched-linux-x86_64 | 1.0.1 | 5.77 | 49.58 | 55.35 | OK | |
r-release-linux-x86_64 | 1.0.1 | 5.70 | 48.98 | 54.68 | OK | |
r-release-macos-arm64 | 1.0.1 | 28.00 | OK | |||
r-release-macos-x86_64 | 1.0.1 | 49.00 | OK | |||
r-release-windows-x86_64 | 1.0.1 | 7.00 | 66.00 | 73.00 | OK | |
r-oldrel-macos-arm64 | 1.0.1 | 28.00 | OK | |||
r-oldrel-macos-x86_64 | 1.0.1 | 41.00 | OK | |||
r-oldrel-windows-x86_64 | 1.0.1 | 8.00 | 73.00 | 81.00 | OK |
Version: 1.0.1
Check: CRAN incoming feasibility
Result: NOTE
Maintainer: ‘Miki Horiguchi <horiguchimiki@gmail.com>’
No Authors@R field in DESCRIPTION.
Please add one, modifying
Authors@R: c(person(given = "Miki",
family = "Horiguchi",
role = c("aut", "cre"),
email = "horiguchimiki@gmail.com"),
person(given = "Hajime",
family = "Uno",
role = "aut"))
as necessary.
Flavor: r-devel-linux-x86_64-debian-gcc