Last updated on 2025-04-29 08:52:13 CEST.
Flavor | Version | Tinstall | Tcheck | Ttotal | Status | Flags |
---|---|---|---|---|---|---|
r-devel-linux-x86_64-debian-clang | 1.0-4 | 6.58 | 66.60 | 73.18 | OK | |
r-devel-linux-x86_64-debian-gcc | 1.0-4 | 4.57 | 52.85 | 57.42 | NOTE | |
r-devel-linux-x86_64-fedora-clang | 1.0-4 | 116.08 | OK | |||
r-devel-linux-x86_64-fedora-gcc | 1.0-4 | 122.74 | OK | |||
r-devel-windows-x86_64 | 1.0-4 | 7.00 | 83.00 | 90.00 | OK | |
r-patched-linux-x86_64 | 1.0-4 | 6.61 | 64.81 | 71.42 | OK | |
r-release-linux-x86_64 | 1.0-4 | 6.21 | 64.23 | 70.44 | OK | |
r-release-macos-arm64 | 1.0-4 | 49.00 | OK | |||
r-release-macos-x86_64 | 1.0-4 | 84.00 | OK | |||
r-release-windows-x86_64 | 1.0-4 | 7.00 | 84.00 | 91.00 | OK | |
r-oldrel-macos-arm64 | 1.0-4 | 41.00 | OK | |||
r-oldrel-macos-x86_64 | 1.0-4 | 60.00 | OK | |||
r-oldrel-windows-x86_64 | 1.0-4 | 9.00 | 97.00 | 106.00 | OK |
Version: 1.0-4
Check: CRAN incoming feasibility
Result: NOTE
Maintainer: ‘Hajime Uno <huno@jimmy.harvard.edu>’
No Authors@R field in DESCRIPTION.
Please add one, modifying
Authors@R: c(person(given = "Hajime",
family = "Uno",
role = c("aut", "cre"),
email = "huno@jimmy.harvard.edu"),
person(given = "Lu",
family = "Tian",
role = "aut"),
person(given = "Miki",
family = "Horiguchi",
role = "aut"),
person(given = "Angel",
family = "Cronin",
role = "aut"),
person(given = "Chakib",
family = "Battioui",
role = "aut"),
person(given = "James",
family = "Bell",
role = "aut"))
as necessary.
Flavor: r-devel-linux-x86_64-debian-gcc