CRAN Package Check Results for Package survSNP

Last updated on 2025-04-29 08:52:13 CEST.

Flavor Version Tinstall Tcheck Ttotal Status Flags
r-devel-linux-x86_64-debian-clang 0.26 13.07 124.58 137.65 OK
r-devel-linux-x86_64-debian-gcc 0.26 10.81 89.70 100.51 NOTE
r-devel-linux-x86_64-fedora-clang 0.26 222.75 OK
r-devel-linux-x86_64-fedora-gcc 0.26 228.43 OK
r-devel-windows-x86_64 0.26 17.00 155.00 172.00 OK
r-patched-linux-x86_64 0.26 13.79 127.21 141.00 OK
r-release-linux-x86_64 0.26 14.41 123.81 138.22 OK
r-release-macos-arm64 0.26 88.00 OK
r-release-macos-x86_64 0.26 139.00 OK
r-release-windows-x86_64 0.26 18.00 159.00 177.00 OK
r-oldrel-macos-arm64 0.26 73.00 OK
r-oldrel-macos-x86_64 0.26 174.00 OK
r-oldrel-windows-x86_64 0.26 19.00 198.00 217.00 OK

Check Details

Version: 0.26
Check: CRAN incoming feasibility
Result: NOTE Maintainer: ‘Alexander Sibley <dcibioinformatics@duke.edu>’ No Authors@R field in DESCRIPTION. Please add one, modifying Authors@R: c(person(given = "Kouros", family = "Owzar", role = "aut"), person(given = "Zhiguo", family = "Li", role = "aut"), person(given = "Nancy", family = "Cox", role = "aut"), person(given = "Sin-Ho", family = "Jung", role = "aut"), person(given = "Chanhee", family = "Yi", role = "aut"), person(given = "Alexander", family = "Sibley", role = "cre", email = "dcibioinformatics@duke.edu")) as necessary. Package CITATION file contains call(s) to old-style personList() or as.personList(). Please use c() on person objects instead. Package CITATION file contains call(s) to old-style citEntry(). Please use bibentry() instead. Flavor: r-devel-linux-x86_64-debian-gcc