CRAN Package Check Results for Package svyVGAM

Last updated on 2025-04-29 08:52:13 CEST.

Flavor Version Tinstall Tcheck Ttotal Status Flags
r-devel-linux-x86_64-debian-clang 1.2 8.04 97.53 105.57 NOTE
r-devel-linux-x86_64-debian-gcc 1.2 6.66 68.98 75.64 NOTE
r-devel-linux-x86_64-fedora-clang 1.2 170.38 OK
r-devel-linux-x86_64-fedora-gcc 1.2 181.21 OK
r-devel-windows-x86_64 1.2 9.00 115.00 124.00 NOTE
r-patched-linux-x86_64 1.2 8.65 93.14 101.79 NOTE
r-release-linux-x86_64 1.2 8.53 93.17 101.70 NOTE
r-release-macos-arm64 1.2 69.00 OK
r-release-macos-x86_64 1.2 134.00 OK
r-release-windows-x86_64 1.2 10.00 117.00 127.00 NOTE
r-oldrel-macos-arm64 1.2 56.00 OK
r-oldrel-macos-x86_64 1.2 84.00 OK
r-oldrel-windows-x86_64 1.2 11.00 139.00 150.00 OK

Check Details

Version: 1.2
Check: Rd cross-references
Result: NOTE Found the following Rd file(s) with Rd \link{} targets missing package anchors: svy_vglm.Rd: vglm, svydesign, svrepdesign Please provide package anchors for all Rd \link{} targets not in the package itself and the base packages. Flavors: r-devel-linux-x86_64-debian-clang, r-devel-linux-x86_64-debian-gcc, r-devel-windows-x86_64, r-patched-linux-x86_64, r-release-linux-x86_64, r-release-windows-x86_64

Version: 1.2
Check: CRAN incoming feasibility
Result: NOTE Maintainer: ‘Thomas Lumley <t.lumley@auckland.ac.nz>’ No Authors@R field in DESCRIPTION. Please add one, modifying Authors@R: person(given = "Thomas", family = "Lumley", role = c("aut", "cre"), email = "t.lumley@auckland.ac.nz") as necessary. Flavor: r-devel-linux-x86_64-debian-gcc