CRAN Package Check Results for Package sweep

Last updated on 2025-04-29 08:52:13 CEST.

Flavor Version Tinstall Tcheck Ttotal Status Flags
r-devel-linux-x86_64-debian-clang 0.2.5 14.55 229.35 243.90 NOTE
r-devel-linux-x86_64-debian-gcc 0.2.5 10.39 168.92 179.31 NOTE
r-devel-linux-x86_64-fedora-clang 0.2.5 324.09 NOTE
r-devel-linux-x86_64-fedora-gcc 0.2.5 376.53 NOTE
r-devel-windows-x86_64 0.2.5 20.00 210.00 230.00 NOTE
r-patched-linux-x86_64 0.2.5 14.56 222.57 237.13 NOTE
r-release-linux-x86_64 0.2.5 14.55 221.46 236.01 NOTE
r-release-macos-arm64 0.2.5 110.00 OK
r-release-macos-x86_64 0.2.5 199.00 OK
r-release-windows-x86_64 0.2.5 16.00 205.00 221.00 NOTE
r-oldrel-macos-arm64 0.2.5 101.00 OK
r-oldrel-macos-x86_64 0.2.5 150.00 OK
r-oldrel-windows-x86_64 0.2.5 21.00 265.00 286.00 OK

Check Details

Version: 0.2.5
Check: Rd cross-references
Result: NOTE Found the following Rd file(s) with Rd \link{} targets missing package anchors: sw_sweep.Rd: tk_make_future_timeseries tidiers_bats.Rd: bats, tbats tidiers_ets.Rd: ets tidiers_nnetar.Rd: nnetar Please provide package anchors for all Rd \link{} targets not in the package itself and the base packages. Flavors: r-devel-linux-x86_64-debian-clang, r-devel-linux-x86_64-debian-gcc, r-devel-windows-x86_64, r-patched-linux-x86_64, r-release-linux-x86_64, r-release-windows-x86_64

Version: 0.2.5
Check: dependencies in R code
Result: NOTE Namespaces in Imports field not imported from: ‘lubridate’ ‘tidyquant’ ‘tidyr’ ‘tidyverse’ All declared Imports should be used. Flavors: r-devel-linux-x86_64-fedora-clang, r-devel-linux-x86_64-fedora-gcc