CRAN Package Check Results for Package swirl

Last updated on 2025-04-29 08:52:13 CEST.

Flavor Version Tinstall Tcheck Ttotal Status Flags
r-devel-linux-x86_64-debian-clang 2.4.5 6.69 49.58 56.27 OK
r-devel-linux-x86_64-debian-gcc 2.4.5 4.80 36.30 41.10 OK
r-devel-linux-x86_64-fedora-clang 2.4.5 91.89 OK
r-devel-linux-x86_64-fedora-gcc 2.4.5 85.80 OK
r-devel-windows-x86_64 2.4.5 9.00 85.00 94.00 OK
r-patched-linux-x86_64 2.4.5 6.49 47.82 54.31 OK
r-release-linux-x86_64 2.4.5 5.90 48.44 54.34 OK
r-release-macos-arm64 2.4.5 42.00 OK
r-release-macos-x86_64 2.4.5 51.00 OK
r-release-windows-x86_64 2.4.5 9.00 88.00 97.00 OK
r-oldrel-macos-arm64 2.4.5 30.00 NOTE
r-oldrel-macos-x86_64 2.4.5 43.00 NOTE
r-oldrel-windows-x86_64 2.4.5 10.00 91.00 101.00 NOTE

Check Details

Version: 2.4.5
Check: LazyData
Result: NOTE 'LazyData' is specified without a 'data' directory Flavors: r-oldrel-macos-arm64, r-oldrel-macos-x86_64, r-oldrel-windows-x86_64