Last updated on 2025-04-29 08:52:13 CEST.
Flavor | Version | Tinstall | Tcheck | Ttotal | Status | Flags |
---|---|---|---|---|---|---|
r-devel-linux-x86_64-debian-clang | 0.7.0 | 20.40 | 286.05 | 306.45 | OK | |
r-devel-linux-x86_64-debian-gcc | 0.7.0 | 14.60 | 221.92 | 236.52 | NOTE | |
r-devel-linux-x86_64-fedora-clang | 0.7.0 | 444.24 | OK | |||
r-devel-linux-x86_64-fedora-gcc | 0.7.0 | 454.54 | OK | |||
r-devel-windows-x86_64 | 0.7.0 | 23.00 | 240.00 | 263.00 | OK | |
r-patched-linux-x86_64 | 0.7.0 | 20.92 | 278.03 | 298.95 | OK | |
r-release-linux-x86_64 | 0.7.0 | 21.39 | 280.69 | 302.08 | OK | |
r-release-macos-arm64 | 0.7.0 | 88.00 | OK | |||
r-release-macos-x86_64 | 0.7.0 | 149.00 | OK | |||
r-release-windows-x86_64 | 0.7.0 | 24.00 | 235.00 | 259.00 | OK | |
r-oldrel-macos-arm64 | 0.7.0 | 131.00 | OK | |||
r-oldrel-macos-x86_64 | 0.7.0 | 168.00 | OK | |||
r-oldrel-windows-x86_64 | 0.7.0 | 30.00 | 302.00 | 332.00 | OK |
Version: 0.7.0
Check: examples
Result: NOTE
Examples with CPU (user + system) or elapsed time > 5s
user system elapsed
tabnet 10.775 0.173 9.081
nn_prune_head 9.745 0.405 8.715
Flavor: r-devel-linux-x86_64-debian-gcc