Last updated on 2025-07-19 05:49:59 CEST.
Flavor | Version | Tinstall | Tcheck | Ttotal | Status | Flags |
---|---|---|---|---|---|---|
r-devel-linux-x86_64-debian-clang | 0.1.3 | 5.30 | 65.29 | 70.59 | NOTE | |
r-devel-linux-x86_64-debian-gcc | 0.1.3 | 3.22 | 47.57 | 50.79 | NOTE | |
r-devel-linux-x86_64-fedora-clang | 0.1.3 | 105.91 | NOTE | |||
r-devel-linux-x86_64-fedora-gcc | 0.1.3 | 111.75 | NOTE | |||
r-devel-windows-x86_64 | 0.1.3 | 8.00 | 77.00 | 85.00 | NOTE | |
r-patched-linux-x86_64 | 0.1.3 | 6.05 | 61.04 | 67.09 | NOTE | |
r-release-linux-x86_64 | 0.1.3 | 4.07 | 61.59 | 65.66 | NOTE | |
r-release-macos-arm64 | 0.1.3 | 39.00 | NOTE | |||
r-release-macos-x86_64 | 0.1.3 | 75.00 | NOTE | |||
r-release-windows-x86_64 | 0.1.3 | 7.00 | 78.00 | 85.00 | NOTE | |
r-oldrel-macos-arm64 | 0.1.3 | 46.00 | OK | |||
r-oldrel-macos-x86_64 | 0.1.3 | 67.00 | OK | |||
r-oldrel-windows-x86_64 | 0.1.3 | 9.00 | 96.00 | 105.00 | OK |
Version: 0.1.3
Check: DESCRIPTION meta-information
Result: NOTE
Missing dependency on R >= 4.1.0 because package code uses the pipe
|> or function shorthand \(...) syntax added in R 4.1.0.
File(s) using such syntax:
‘add_lines.R’ ‘init.R’ ‘plots.R’ ‘report.R’ ‘tokenize.R’
Flavors: r-devel-linux-x86_64-debian-clang, r-devel-linux-x86_64-debian-gcc, r-devel-linux-x86_64-fedora-clang, r-devel-linux-x86_64-fedora-gcc, r-devel-windows-x86_64, r-patched-linux-x86_64, r-release-linux-x86_64, r-release-macos-arm64, r-release-macos-x86_64, r-release-windows-x86_64