Last updated on 2025-04-29 14:53:51 CEST.
Flavor | Version | Tinstall | Tcheck | Ttotal | Status | Flags |
---|---|---|---|---|---|---|
r-devel-linux-x86_64-debian-clang | 2.1-0 | 58.56 | 264.04 | 322.60 | NOTE | |
r-devel-linux-x86_64-debian-gcc | 2.1-0 | 43.29 | 241.17 | 284.46 | OK | |
r-devel-linux-x86_64-fedora-clang | 2.1-0 | 395.82 | NOTE | |||
r-devel-linux-x86_64-fedora-gcc | 2.1-0 | 476.15 | OK | |||
r-devel-windows-x86_64 | 2.1-0 | 68.00 | 177.00 | 245.00 | OK | |
r-patched-linux-x86_64 | 2.1-0 | 62.66 | 247.41 | 310.07 | OK | |
r-release-linux-x86_64 | 2.1-0 | 62.10 | 283.43 | 345.53 | OK | |
r-release-macos-arm64 | 2.1-0 | 89.00 | OK | |||
r-release-macos-x86_64 | 2.1-0 | 154.00 | OK | |||
r-release-windows-x86_64 | 2.1-0 | 70.00 | 182.00 | 252.00 | OK | |
r-oldrel-macos-arm64 | 2.1-0 | 83.00 | NOTE | |||
r-oldrel-macos-x86_64 | 2.1-0 | 189.00 | NOTE | |||
r-oldrel-windows-x86_64 | 2.1-0 | 76.00 | 203.00 | 279.00 | OK |
Version: 2.1-0
Check: examples
Result: NOTE
Examples with CPU time > 2.5 times elapsed time
user system elapsed ratio
plot.DiscrFact 4.545 0.228 1.847 2.584
Flavor: r-devel-linux-x86_64-debian-clang
Version: 2.1-0
Check: tests
Result: NOTE
Running ‘ttclust.R’ [31s/26s]
Comparing ‘ttclust.Rout’ to ‘ttclust.Rout.save’ ...21,22d20
< OMP: Warning #96: Cannot form a team with 8 threads, using 2 instead.
< OMP: Hint Consider unsetting KMP_DEVICE_THREAD_LIMIT (KMP_ALL_THREADS), KMP_TEAMS_THREAD_LIMIT, and OMP_THREAD_LIMIT (if any are set).
Flavor: r-devel-linux-x86_64-fedora-clang
Version: 2.1-0
Check: installed package size
Result: NOTE
installed size is 7.4Mb
sub-directories of 1Mb or more:
libs 6.1Mb
Flavors: r-oldrel-macos-arm64, r-oldrel-macos-x86_64