Last updated on 2025-04-29 14:53:51 CEST.
Flavor | Version | Tinstall | Tcheck | Ttotal | Status | Flags |
---|---|---|---|---|---|---|
r-devel-linux-x86_64-debian-clang | 0.3.2 | 5.84 | 231.45 | 237.29 | NOTE | |
r-devel-linux-x86_64-debian-gcc | 0.3.2 | 4.93 | 152.07 | 157.00 | NOTE | |
r-devel-linux-x86_64-fedora-clang | 0.3.2 | 409.94 | NOTE | |||
r-devel-linux-x86_64-fedora-gcc | 0.3.2 | 365.62 | NOTE | |||
r-devel-windows-x86_64 | 0.3.2 | 8.00 | 198.00 | 206.00 | NOTE | |
r-patched-linux-x86_64 | 0.3.2 | 6.78 | 220.10 | 226.88 | NOTE | |
r-release-linux-x86_64 | 0.3.2 | 7.04 | 220.80 | 227.84 | NOTE | |
r-release-macos-arm64 | 0.3.2 | 114.00 | NOTE | |||
r-release-macos-x86_64 | 0.3.2 | 235.00 | NOTE | |||
r-release-windows-x86_64 | 0.3.2 | 10.00 | 208.00 | 218.00 | NOTE | |
r-oldrel-macos-arm64 | 0.3.2 | 96.00 | NOTE | |||
r-oldrel-macos-x86_64 | 0.3.2 | 174.00 | NOTE | |||
r-oldrel-windows-x86_64 | 0.3.2 | 12.00 | 287.00 | 299.00 | NOTE |
Version: 0.3.2
Check: Rd files
Result: NOTE
checkRd: (-1) json_schema.Rd:33: Lost braces; missing escapes or markup?
33 | \item object -> {"name": <type>} e.g., {"age": 32} -> {"age": "number"}
| ^
checkRd: (-1) json_schema.Rd:33: Lost braces; missing escapes or markup?
33 | \item object -> {"name": <type>} e.g., {"age": 32} -> {"age": "number"}
| ^
checkRd: (-1) json_schema.Rd:33: Lost braces; missing escapes or markup?
33 | \item object -> {"name": <type>} e.g., {"age": 32} -> {"age": "number"}
| ^
Flavors: r-devel-linux-x86_64-debian-clang, r-devel-linux-x86_64-debian-gcc, r-devel-linux-x86_64-fedora-clang, r-devel-linux-x86_64-fedora-gcc, r-devel-windows-x86_64, r-patched-linux-x86_64, r-release-linux-x86_64, r-release-macos-arm64, r-release-macos-x86_64, r-release-windows-x86_64, r-oldrel-macos-arm64, r-oldrel-macos-x86_64, r-oldrel-windows-x86_64