CRAN Package Check Results for Package ui

Last updated on 2025-04-29 08:52:15 CEST.

Flavor Version Tinstall Tcheck Ttotal Status Flags
r-devel-linux-x86_64-debian-clang 0.1.1 8.49 66.23 74.72 OK
r-devel-linux-x86_64-debian-gcc 0.1.1 5.98 48.15 54.13 NOTE
r-devel-linux-x86_64-fedora-clang 0.1.1 116.17 OK
r-devel-linux-x86_64-fedora-gcc 0.1.1 113.65 OK
r-devel-windows-x86_64 0.1.1 10.00 77.00 87.00 OK
r-patched-linux-x86_64 0.1.1 8.46 64.46 72.92 OK
r-release-linux-x86_64 0.1.1 7.49 63.72 71.21 OK
r-release-macos-arm64 0.1.1 35.00 OK
r-release-macos-x86_64 0.1.1 48.00 OK
r-release-windows-x86_64 0.1.1 8.00 80.00 88.00 OK
r-oldrel-macos-arm64 0.1.1 33.00 NOTE
r-oldrel-macos-x86_64 0.1.1 53.00 NOTE
r-oldrel-windows-x86_64 0.1.1 12.00 92.00 104.00 NOTE

Check Details

Version: 0.1.1
Check: CRAN incoming feasibility
Result: NOTE Maintainer: ‘Minna Genbaeck <minna.genback@umu.se>’ No Authors@R field in DESCRIPTION. Please add one, modifying Authors@R: c(person(given = "Minna", family = "Genbaeck,", role = c("aut", "cre")), person(given = "Minna", family = "Genbaeck", role = "cre", email = "minna.genback@umu.se")) as necessary. Flavor: r-devel-linux-x86_64-debian-gcc

Version: 0.1.1
Check: LazyData
Result: NOTE 'LazyData' is specified without a 'data' directory Flavors: r-oldrel-macos-arm64, r-oldrel-macos-x86_64, r-oldrel-windows-x86_64