CRAN Package Check Results for Package x12

Last updated on 2025-04-29 08:52:16 CEST.

Flavor Version Tinstall Tcheck Ttotal Status Flags
r-devel-linux-x86_64-debian-clang 1.10.3 11.48 94.11 105.59 OK
r-devel-linux-x86_64-debian-gcc 1.10.3 7.24 64.83 72.07 NOTE
r-devel-linux-x86_64-fedora-clang 1.10.3 169.04 OK
r-devel-linux-x86_64-fedora-gcc 1.10.3 160.62 OK
r-devel-windows-x86_64 1.10.3 12.00 103.00 115.00 OK
r-patched-linux-x86_64 1.10.3 11.38 90.70 102.08 OK
r-release-linux-x86_64 1.10.3 11.68 90.11 101.79 OK
r-release-macos-arm64 1.10.3 43.00 OK
r-release-macos-x86_64 1.10.3 81.00 OK
r-release-windows-x86_64 1.10.3 13.00 106.00 119.00 OK
r-oldrel-macos-arm64 1.10.3 41.00 OK
r-oldrel-macos-x86_64 1.10.3 63.00 OK
r-oldrel-windows-x86_64 1.10.3 15.00 125.00 140.00 OK

Check Details

Version: 1.10.3
Check: CRAN incoming feasibility
Result: NOTE Maintainer: ‘Alexander Kowarik <alexander.kowarik@statistik.gv.at>’ No Authors@R field in DESCRIPTION. Please add one, modifying Authors@R: c(person(given = "Alexander", family = "Kowarik", role = c("aut", "cre"), email = "alexander.kowarik@statistik.gv.at"), person(given = "Angelika", family = "Meraner", role = "aut")) as necessary. Package CITATION file contains call(s) to old-style personList() or as.personList(). Please use c() on person objects instead. Package CITATION file contains call(s) to old-style citEntry(). Please use bibentry() instead. Flavor: r-devel-linux-x86_64-debian-gcc